e greatest common factor of 1136 and p.
142
Let u be 5 - (-6 - 776) - -5. What is the greatest common factor of u and 1485?
99
Let s(y) = 16*y - 110. Let a be s(7). Let p(v) = -2*v**2 - 15*v. Let u be p(-6). Calculate the highest common factor of u and a.
2
Suppose -2*i + 459*h - 461*h - 2 = 0, 32 = 4*i - 2*h. What is the greatest common factor of i and 295?
5
Suppose 0 = 6*o - 123 - 153. Let y be (-6)/18 + 14/6. What is the highest common factor of o and y?
2
Let k(r) = -5*r + 33. Let j be k(6). Suppose -2*v - 25 = -3*t, j*t + 4*v - v - 15 = 0. What is the greatest common factor of t and 161?
7
Let l = -12033 + 12045. Calculate the highest common divisor of l and 2802.
6
Suppose 0 = x + 11 + 19. Let d be (1 - (-2)/(-3))*(-24 - x). Calculate the highest common divisor of d and 14.
2
Suppose -82 = -5*z + q + 2*q, 0 = -4*z - 2*q + 48. Suppose 6*a + 216 = z*a. What is the highest common factor of 18 and a?
9
Let k = -11 - -27. Let f = 4 - 4. Suppose f = -7*w + 5*w + 4. What is the highest common factor of k and w?
2
Suppose -22*x = 3*g - 27*x + 11, 4*g - 5*x + 23 = 0. Let i be (56/(-4))/(g/18). Let c(d) = 77*d. Let r be c(3). Calculate the greatest common factor of r and i.
21
Let y(g) = -36*g**2 + 313*g + 2. Let v be y(8). What is the greatest common divisor of v and 4646?
202
Suppose -3*h + 35 = -5*c, -5*c = -3*h - 2*h + 75. Let g = 120 - 104. What is the highest common factor of g and h?
4
Let u = -18107 - -18335. What is the greatest common factor of 204 and u?
12
Let h = -3455 + 3471. Calculate the greatest common divisor of h and 3632.
16
Let q = -10791 - -10806. What is the highest common divisor of 2495 and q?
5
Let j = -630859 - -630871. Suppose -2*f - 2*f + 3984 = 0. What is the highest common divisor of f and j?
12
Let b(k) = -4*k**3 + 413*k**2 - 99*k + 243. Let w be b(103). What is the greatest common divisor of 1441 and w?
131
Let o(x) = 67*x - 2540. Let y be o(43). Calculate the highest common factor of y and 143.
11
Suppose 4*u - 1 = 5*u. Let t be (2 + u - 0)*68. Let f be -1 - (-26)/22 - 38665/(-2299). Calculate the greatest common divisor of t and f.
17
Let t = -99 + 103. Suppose -t*c - 3 = -3*a, a + 2*c - 2 = -a. Calculate the highest common factor of a and 17.
1
Let a be 462/77*(-4)/(-6) + 9167. What is the greatest common divisor of 9 and a?
9
Let z be (-42)/((12 - 143/11) + 1 + -1). What is the greatest common factor of 3766 and z?
14
Let u be 2/(-18) + (7512/54 - -5). Suppose -295*g + u = -289*g. Calculate the highest common divisor of 60 and g.
12
Let l(u) = 2*u**3 - 4*u**2 + 2*u + 3. Let h be l(3). Suppose 0*a = -3*a + h. Suppose 0 = -r + 21 + a. What is the greatest common divisor of r and 3?
3
Let m be -2 - (2 - 12/2). Let t(n) = 931*n - 463*n + 146 - 460*n. Let q be t(-17). What is the highest common divisor of q and m?
2
Suppose 3*p + 629 = 227*o - 226*o, 5843 = 9*o - p. Calculate the highest common factor of o and 550.
50
Let m(q) = 14*q + 28. Suppose -5*d - 95 = -105. Let f be m(d). Calculate the highest common divisor of f and 84.
28
Let p be (300/(-90))/(3/72). Let r = 89 + p. What is the highest common divisor of r and 3?
3
Let o(h) = 20*h + 1. Let m be o(4). Suppose -38*t + 110 = 50*t - 154. What is the greatest common factor of t and m?
3
Let p = -8163 - -8166. Suppose 0*k - 2*k = 0. Let y be (-2)/(6/p - k)*-55. Calculate the highest common factor of 11 and y.
11
Let t be (10/(-3))/(6/(1 - 19)). Let a be (-2 - (-21)/7)/((-1)/(-490)). Calculate the greatest common factor of a and t.
10
Let v be ((-37)/(-5))/((-38)/(-5130)). Calculate the highest common factor of v and 111.
111
Suppose 156*h = -156*h + 319*h - 99680. What is the highest common factor of 20 and h?
20
Suppose 0 = 15*l - 61 - 299. What is the highest common divisor of 552 and l?
24
Let x be -2 + 144 - (-4 - 0). Suppose 4*l + 196 = g, -3*l + 65 = -2*g + 207. Let s = l + x. What is the highest common factor of s and 240?
48
Suppose -11*a + 15*a + 216 = 0. Let j = a + 84. Let f = 105 + -60. What is the highest common divisor of j and f?
15
Suppose 19*i + 5*o = 17*i + 140, -o = 2. Calculate the highest common divisor of i and 2265.
15
Let q = 232 - 229. Suppose 0 = -3*v - 9, 2*w + q*v - 1415 - 496 = 0. What is the greatest common divisor of 15 and w?
15
Suppose 78*s - 73*s + q = 32201, 4*q = -16. Calculate the greatest common divisor of s and 19.
19
Let s(f) = 2*f**3 - f**2 - 83*f - 1. Let u be s(7). Calculate the highest common divisor of 506 and u.
11
Suppose 3*g + g = 24. Let i(n) = n**3 - 6*n**2 + n - 4. Let m be i(g). Let x = 39528 - 39502. Calculate the highest common factor of x and m.
2
Let t be (-2 + 15/8)/(16 - (-26640)/(-1664)). What is the greatest common factor of t and 59?
1
Let m be 3*4*(-16)/(576/(-27)). Let j(s) = -s**3 + 13*s**2 - 19*s - 9. Let a be j(9). What is the greatest common divisor of m and a?
9
Let y = -367 + 434. Calculate the highest common divisor of 5293 and y.
67
Suppose 4*w - 81 = 2*w + 5*h, h + 45 = w. Let t(s) = s + 34. Let n be t(0). Let a = n - 22. Calculate the highest common divisor of a and w.
12
Let i be (2936/(-12))/((-4)/(-6)). Let t = 411 + i. Calculate the greatest common factor of 4 and t.
4
Let i = -9545 - -10877. What is the greatest common divisor of i and 36?
36
Let f be -18*((-1147)/62 - (-4)/(-1)). Calculate the highest common factor of 510 and f.
15
Let s be 13/((-1)/(-3)*24/88). Suppose 2*a + 5*k - s = 0, 6*k = -a + k + 59. What is the greatest common divisor of 28 and a?
28
Let a = -840 - -970. Suppose 2*u = -2*p + a, -3*u + u - 150 = -2*p. What is the highest common divisor of 50 and p?
10
Let x(g) = 8*g - 38. Let u be x(6). Let b = -57 - -67. What is the greatest common divisor of u and b?
10
Suppose 289 = 3*f - 1349. What is the highest common divisor of 7462 and f?
182
Let l = 28 - 23. Suppose -l*k = 19 + 41. Let r be (-10)/(-25) - k/20. Calculate the greatest common factor of 8 and r.
1
Suppose 27*f - 384 = 1207 + 407. Let q(h) = -h**3 - h**2 - h + 1702. Let n be q(0). What is the greatest common divisor of f and n?
74
Let s = -14 - -34. Suppose -193*n + 291*n - 13720 = 0. What is the greatest common factor of s and n?
20
Suppose -60 = 56*j - 71*j. Let r = 23 - 18. Suppose 20 + 20 = r*u. What is the highest common factor of j and u?
4
Let i = -17652 - -21066. Calculate the greatest common factor of 12 and i.
6
Let u be (6/9)/((-28)/5754). Let b = 175 + u. Let q be (-30)/4*152/(-3). Calculate the greatest common divisor of q and b.
38
Suppose -512 = 3*q - 542. Let l(j) = -j**2 + 9*j + 11. Let b be l(q). Calculate the highest common factor of b and 16.
1
Let h be (8 - 19 - 161)*(-329)/28. Calculate the highest common factor of 215 and h.
43
Let w be 1 - (-7 + -14 + 7). Let c(l) = l**2 - 5*l + 4. Let s be c(3). Let x be w*s*8/(-10) - 3. Calculate the greatest common divisor of x and 189.
21
Suppose -4 = -4*f - 16. Let k be (-3 + (-30)/2)/(f/4). Let d be k/(-1)*(2 - (-20)/(-6)). Calculate the greatest common divisor of d and 16.
16
Let m(v) = v**2 - 3*v + 2. Let q be m(6). Let c = 57862 - 57782. What is the greatest common factor of c and q?
20
Let s(b) = -14*b + 6*b - 24 - b**2 + 8*b + 11*b. Let o be s(7). Calculate the highest common factor of o and 116.
4
Let m be (-5*(-2)/4)/(((-559)/390)/(-43)). Calculate the greatest common divisor of 775 and m.
25
Suppose -36 = -5*w - 11. Suppose -2*p = -5*z - 46, 11*z - 111 = -3*p + 8*z. Let f be p + -5 + -2 + 5 + -6. Calculate the greatest common divisor of w and f.
5
Let p(i) = -11*i + 63. Let n be p(5). Suppose -n*w = -2*w - 1188. Let v(b) = 3*b. Let f be v(6). Calculate the highest common factor of f and w.
18
Let v = 27571 + -26920. What is the greatest common factor of 777 and v?
21
Let s = -188 + 4. Let r = 200 + s. Calculate the greatest common divisor of 4 and r.
4
Suppose -1298 - 2428 = 18*a. Let j = a + 252. Calculate the greatest common divisor of j and 105.
15
Let h be (-12)/78 + (-394)/(-26). Suppose -3*i = 2*b + 3*b - 523, -342 = -2*i - 5*b. Let x = i - 121. What is the greatest common divisor of x and h?
15
Let v be (-10 - 378/(-56))*10*-2. Let c = 34 - 24. What is the highest common factor of c and v?
5
Suppose 0 = -2*w + 3*w - 47. Let b = -58220 + 58737. Calculate the highest common factor of b and w.
47
Let i(s) = 13*s + 134. Let z be